j**2 - 8. Let o(s) = -4*s**3 - 9*s**2 - 7. Let u(l) = 3*b(l) - 4*o(l). What are the prime factors of u(-9)?
2
Let o(g) = g**3 - 6*g**2 + 4*g + 3. Let q be o(5). List the prime factors of q/(-9) + (-291)/(-27).
11
Let n(k) = 10*k**3 + 13*k**2 - 22*k - 9. Let u(g) = 7*g**3 + 9*g**2 - 15*g - 6. Let f(o) = 5*n(o) - 7*u(o). What are the prime factors of f(-3)?
3
Suppose 2*s + 0 = 64. List the prime factors of s.
2
Let w be (10/4)/(2/4). Suppose w*k - 7 = -x, 4*x - 2*x = -5*k + 9. What are the prime factors of (5 + 1)*(k - 0)?
2, 3
Let l be ((-3)/2)/((-1)/22). Let d be (165/(-9))/(-5) + (-4)/6. List the prime factors of (l*1)/d + 0.
11
Suppose -14*b + 410 = -12*b. What are the prime factors of b?
5, 41
Let c be ((-2)/(-5))/((-5)/125). Let m = c + 20. Suppose 4*q + m = 30. List the prime factors of q.
5
Let q = 99 - 31. What are the prime factors of q?
2, 17
Let q(p) = 5*p**3 + 5*p**2 + 2*p + 12. Let i(n) = 6*n**3 + 4*n**2 + 2*n + 12. Let j(f) = 4*i(f) - 5*q(f). Let c = 20 - 29. What are the prime factors of j(c)?
2, 3
Let s(g) = g**3 - 6*g**2 + 2*g - 9. Let y be s(6). List the prime factors of (6/15)/(y/90).
2, 3
Let h = 6 - 2. Suppose -h*p + 35 = p. List the prime factors of p.
7
Let x = 41 + -7. List the prime factors of x.
2, 17
Let a = 41 + -24. List the prime factors of a.
17
Suppose -5*s = -2*f - f + 100, 5*f - 144 = -3*s. Let h be ((-9)/((-36)/(-56)))/1. Let d = h + f. List the prime factors of d.
2
Suppose -5 = 5*s + 25. Let t(r) = -r**3 - 5*r**2 + 5*r. What are the prime factors of t(s)?
2, 3
Let s(l) = 6*l**3 + l**2 - l. Let y be s(1). Suppose 2*u - u + 3 = 0. Let b = u + y. What are the prime factors of b?
3
Suppose -2*q + 462 - 100 = 0. List the prime factors of q.
181
Suppose -q + 3*q + 4 = 0, -k = -3*q - 11. Suppose -3 = -3*g, 3*g = -k*r + 12 + 66. What are the prime factors of r?
3, 5
Let g(o) = -o**2 - o + 2. Let j be g(-2). Suppose p - 1 = -j, -v + 6 = p. List the prime factors of v.
5
Suppose 5*b + 54 + 6 = 0. Let a = b + 20. Let r = a + -6. What are the prime factors of r?
2
Let h(d) be the second derivative of d**5/20 + d**4/3 - 7*d**3/6 - 7*d**2/2 + 2*d. List the prime factors of h(-5).
3
Suppose 0*l + 4*m + 644 = 4*l, -4*l - m + 659 = 0. Let d = l - 109. Suppose -4*t - 9 = v, v + 4*v - 5*t = d. What are the prime factors of v?
7
Let w(g) = 8*g + 2. Let l be w(2). Suppose -5*h = 3*k - l - 2, -3*k = -3*h + 12. Suppose 3*i - 4 - 11 = k. List the prime factors of i.
5
Let f(z) = z**3 - 31*z**2 - 31*z + 46. What are the prime factors of f(32)?
2, 3, 13
Suppose 5*t - 16 = t. Suppose -5*b - h = -0*b - 42, t*h + 39 = 3*b. List the prime factors of b.
3
Let v = 3 + -7. Let j(a) = a + 1. Let k be j(v). What are the prime factors of 19 + (-3 - k/3)?
17
Let h = 2 - 4. Let s = h + 4. Let l(c) = 5*c - 3. What are the prime factors of l(s)?
7
Suppose -s = -5*q + 1005, 3*q - 3*s + 2*s = 601. Suppose q = 5*m + 27. Let d = -25 + m. List the prime factors of d.
2, 5
Let y(x) = x**2 + 9*x - 30. What are the prime factors of y(-17)?
2, 53
Let w = 27 + 100. List the prime factors of w.
127
Let f = 16 + -9. Let l be 2/f - (-45)/(-35). List the prime factors of l/((-10)/4 - -2).
2
Suppose -37 - 23 = -4*p. Let h = p - 11. What are the prime factors of 0 - h*(-6)/4?
2, 3
Let o(l) = l**2 + 15. Let y(j) = -j**2 + j. Let p = -4 - -5. Let f be y(p). List the prime factors of o(f).
3, 5
Let v(g) = -g**3 - g**2 + 129. What are the prime factors of v(0)?
3, 43
Let v = 7 + -1. Suppose v*p - 4*p = 40. Suppose 5*s = 70 + p. What are the prime factors of s?
2, 3
Let k be ((-15)/(-6))/((-1)/2). Let y = 1 + -2. What are the prime factors of k/((y - -2)*-1)?
5
Let o(z) = z - 7. Let j be o(-8). Let r = 22 + j. List the prime factors of r.
7
Suppose -5*b + 163 = r, r + 74 = 2*b - 3*r. What are the prime factors of b?
3, 11
Suppose -117 = 4*u - 5*u. List the prime factors of u.
3, 13
Suppose -3*d + 5 = -253. Suppose 4*w - 86 - d = 0. List the prime factors of w.
43
Let n(r) = 25*r**3 + 2*r**2 - 2*r + 1. Let l be n(1). Suppose 4 = 2*z - l. What are the prime factors of z?
3, 5
Let l be 72/3 - (-1 + -1). What are the prime factors of l/((-1)/((-2)/4))?
13
Let p(f) = -13*f. What are the prime factors of p(-2)?
2, 13
Let r(o) = -o**3 + o. Let k be r(0). Suppose 5*a - 3*a - 30 = k. List the prime factors of a.
3, 5
Suppose 5*r - 40 = -145. Let l = r + 64. List the prime factors of l.
43
Let j(a) = 4*a**2 - 2*a - 2. List the prime factors of j(-6).
2, 7, 11
Suppose -4 = 4*p - 0. List the prime factors of (13/(-2))/(p/2).
13
Suppose 0 = 3*g + g + 4. Let a be -15*1/(g + 0). Let j = a - 7. List the prime factors of j.
2
Suppose -2*k = -k - 57. Suppose 0*v = 4*v - g - k, 0 = -4*v - 2*g + 66. List the prime factors of v.
3, 5
Suppose -5*d - 391 = -2*v, -4*v + 3*d = -0*v - 803. List the prime factors of v.
7, 29
Suppose -15*r = -9*r - 1878. What are the prime factors of r?
313
Suppose a - 4 = 5*n - a, -n + 3*a = 6. Suppose n = 4*m + 6 - 30. Let l = 0 + m. List the prime factors of l.
2, 3
Suppose -5*i + i + 112 = 0. Suppose -i = 3*l - 10. Let b = l + 10. What are the prime factors of b?
2
Let s(y) = -17*y**3 + 2*y**2 + 4*y + 5. List the prime factors of s(-2).
3, 47
Let g be (-1)/(2/(2 + 8)). Suppose 5*j = 4*a - 2 - 12, 10 = -5*j. What are the prime factors of a/g - 42/(-10)?
2
Let n be (8/(-10))/((-4)/50). Let z = 18 - n. Let l = z - 4. What are the prime factors of l?
2
Let y be (20/16)/(1/4). Suppose y*p - 102 = -17. What are the prime factors of p?
17
Let q(v) = -v**3 - 5*v**2 - 6*v. Let a be q(-6). Let m = -48 + a. What are the prime factors of m?
2, 3
Suppose 0 = 4*s + s - 5*g - 10, -s + 2*g = 1. Suppose 46 + s = 3*b. List the prime factors of b.
17
Suppose 4*j - 9*j + 430 = 0. List the prime factors of j.
2, 43
Let u(s) = -s**3 - 2*s**2 - 2*s - 4. Let o be u(-3). Let i = 26 - o. List the prime factors of i.
3, 5
Suppose -2*c + 22 = 4*d + 3*c, 4 = 2*c. Suppose 4*m - 126 = a - 3*a, d*m - 101 = 5*a. What are the prime factors of m?
2
List the prime factors of (12/9)/((-10)/(-645)).
2, 43
Suppose -2*b - 67 = -v - 3*b, 0 = -b - 2. Suppose -v + 6 = -3*f. List the prime factors of f.
3, 7
Suppose 5*o - 48 = 92. What are the prime factors of o?
2, 7
Suppose -2*s + 3*q = 2*s - 9, -2 = 3*s - 4*q. What are the prime factors of 3/(s/14 - 0)?
7
Let g = 86 + -67. What are the prime factors of g?
19
Suppose 0*n - 2*n - d + 411 = 0, -d = -5*n + 1031. Suppose 0 = -5*s + n - 71. What are the prime factors of 6/s - (-388)/36?
11
Let n be 5/1 + (-1 - 0). Suppose -10 = n*z - 2. List the prime factors of 3*(z + 3/1).
3
Suppose -4 = -3*a + 8. Suppose 0*n - 88 = -a*n. List the prime factors of n.
2, 11
Let r = -2 + 2. Let t = 2 - r. What are the prime factors of t?
2
Suppose d = -4*q + 7 + 5, -d + 2*q = 0. Suppose -d*m + 16 = 8. List the prime factors of m.
2
Let q(r) = 2*r - 6*r + 2*r - 2*r + r**2. Let p be q(3). Let b(g) = g**2 - g + 1. What are the prime factors of b(p)?
13
Let r be 8/32 - 14/(-8). Let m be 13 - (-1 + (-1 - -2)). Suppose -m = -r*g + 7. List the prime factors of g.
2, 5
Let y(g) = g - 4. Let o(w) = -2 - 3*w - 2*w + 6*w. Let u be o(8). What are the prime factors of y(u)?
2
Suppose -5*j - 95 = -4*w, -3*j - 76 = -2*w - 31. List the prime factors of w.
2, 3, 5
Suppose 16 + 11 = 5*z - c, -2*c + 36 = 5*z. Let b be 184/z - 10/15. Suppose -2*u + b = u. List the prime factors of u.
2, 5
Let c = 3 - -1. Let x(w) = -w + 5 - w**2 + 6*w + c*w. What are the prime factors of x(8)?
13
Let k be (0/2)/(5 + -3). Suppose -3*m = 4*u - 185, 3*u - 70 = -m - k*u. Suppose 20 = 5*b, 5*j + 8*b = 3*b + m. What are the prime factors of j?
7
Suppose -76 = -4*b + 64. List the prime factors of b.
5, 7
Let z(y) = -2*y - 1. Let j(l) = -3*l - 2. Let o(f) = 4*j(f) - 7*z(f). Let s(h) = h + 7. Let t be s(-5). List the prime factors of o(t).
3
Suppose -507 = -3*o + 60. What are the prime factors of o?
3, 7
Let m(w) = w**2 - 4*w + 8. List the prime factors of m(3).
5
Let b(v) = 11*v - 67. What are the prime factors of b(31)?
2, 137
Let b(z) = z**3 - z**2 - 2*z + 4. Suppose 0*c - 2*c = -5*w + 19, -3*w + 18 = c. What are the prime factors of b(c)?
2
Suppose 36 = c + 2*x + 3*x, -3*x - 213 = -4*c. What are the prime factors of c?
3, 17
Suppose -1 + 0 = -2*h - 3*x, 4 = -h - 3*x. Let s(k) = k**3 - 5*k**2 + k. List the p